 23
Let b(h) be the third derivative of h**6/240 + h**5/12 + h**4/3 - 3*h**2. Let a(l) be the second derivative of b(l). List the prime factors of a(15).
5, 11
Let t = 35 - -751. What are the prime factors of t?
2, 3, 131
Let g = -4389 - -8718. What are the prime factors of g?
3, 13, 37
Suppose -4*h + 4*q = -6968, -59*h = -61*h - 3*q + 3504. What are the prime factors of h?
2, 3, 97
Suppose 27*d - 22*d = -28050. What are the prime factors of d/(-42) + (-12)/21?
7, 19
Let z(c) = c**3 - 7*c**2 + 2*c + 2. Let w be z(7). Suppose 0 = v - 57 + w. What are the prime factors of v?
41
Let h = -702 + 1177. List the prime factors of h.
5, 19
Suppose 128 = -12*s + 20. What are the prime factors of ((-117)/27 - s)/(1/33)?
2, 7, 11
Suppose -4*k - 3*p - 11 = -43, 0 = 2*p. Let f = 11 - k. Suppose 18 = f*m + 6. What are the prime factors of m?
2
Let u = 7 - 6. List the prime factors of (3 - 7) + (u - -47).
2, 11
Suppose -6*v + 262 = -20. What are the prime factors of v?
47
Let c(g) = 7*g**2 - 9*g - 3. Let b(y) = -y**2. Let x(j) = -6*b(j) - c(j). Let h = 6 - -2. What are the prime factors of x(h)?
11
Let n(o) = 35*o**2 - 6*o - 8. Let i be (2/7)/(3/(-21)). List the prime factors of n(i).
2, 3
Let k(b) = -49*b**2 + 2*b + 4. Let i be k(5). What are the prime factors of (-1)/4 + i/(-28)?
43
Let m = 3839 - 1611. What are the prime factors of m/12 + 2/(-3)?
5, 37
Let x = -150 - -260. Suppose -2*k - 3*k + x = 0. Suppose -3*p = -k - 8. List the prime factors of p.
2, 5
Suppose 42 = 5*r + 12. What are the prime factors of r/2 - 2 - (0 + -75)?
2, 19
Suppose -12 = -0*d - 3*d. Suppose d*s - 16 + 112 = 0. List the prime factors of (-573)/(-18) - 4/s.
2
Let s = 140 - 23. Let w = -79 + s. What are the prime factors of w?
2, 19
Suppose -125 = -12*w + 559. Suppose -2*i + 289 = w. What are the prime factors of i?
2, 29
Let q = -2493 - -3618. List the prime factors of q.
3, 5
Suppose -3*d + 2*d = -2. Suppose -p - 18 = d*p. Let h = 2 - p. What are the prime factors of h?
2
Suppose 4*u + 0*u = 8. Let w be ((-4)/6 - u)*-12. What are the prime factors of (-3)/4 - (-280)/w?
2
Suppose 0*h - 4*h + 8 = 4*b, -2*b = -5*h + 24. Suppose 18 + 10 = 5*c + 4*f, h*c + 4*f = 24. Let s = 20 + c. List the prime factors of s.
2, 3
Let x(q) = q**2 - 4*q - 1. Let a be x(3). Let w(l) = -l**2 + 20*l + 140. Let p be w(25). List the prime factors of (a - 46/(-6))*p.
5, 11
Let r = -44 - -28. Let s = r - -19. Suppose -2*d - s*d + 90 = 0. List the prime factors of d.
2, 3
Let g be -1*(2/(-2)*2 + 0). List the prime factors of 5/(-15)*g*198/(-4).
3, 11
Suppose 3*z = 3*n - 1626, n - 5*z = -7*z + 533. List the prime factors of n.
7, 11
Let y be 0 - (-12)/(-5)*(-9 - -4). Suppose 3*q - y = 78. List the prime factors of q.
2, 3, 5
Let m(d) = 7*d**2 - d**3 - 10*d**2 + 6 - 2*d**2 + d + 0*d**2. List the prime factors of m(-6).
2, 3
Let b = 739 + -425. Let u = b + -184. List the prime factors of u.
2, 5, 13
Let y be 20/(-15)*3/(-2). Let l be (0 - 1)/(y/(-8)). Suppose l*w = w + 36. What are the prime factors of w?
2, 3
Let w be 2/2 - (-2 - -9). Let g(v) = 9 + 8 - v - 22 + 1. List the prime factors of g(w).
2
Let x(g) = -g**2 + 6*g. Let n be x(6). Suppose n = -3*p - 4*y + 184, p + 6*y - 48 = 2*y. What are the prime factors of p?
2, 17
Suppose 5*y = 4*y + 21. Suppose l + y = 47. What are the prime factors of l?
2, 13
Suppose -9*h - 160 = -13*h. What are the prime factors of h/6*192/10 + 1?
3, 43
Let z = 14 - -24. List the prime factors of (z/4)/(-4 - 445/(-110)).
11, 19
Suppose 15 = -3*u - 3*f, 5*u - 3*u - 5 = f. Suppose u = 2*o - 4*c - 34, 4*o + 4*c + 25 = 117. List the prime factors of 2*o*(-7)/(-14).
3, 7
Suppose 0 = 51*q - 54*q + 6207. What are the prime factors of q?
2069
Suppose -b = -3 + 1. Suppose -5*k = b*n - 45, -4*k + 0*k = -3*n - 59. List the prime factors of k.
11
Suppose o - 3*o = -4, -4 = -2*l - o. List the prime factors of l*(3 + 53 + -3).
53
Let l be 3/9 + (-134)/(-3). Let w = l + -23. Let q = w + -16. List the prime factors of q.
2, 3
Let o be (-2)/4 + 1412/(-8). Let n = -6 - o. What are the prime factors of n?
3, 19
Suppose 4*z - 2676 = 2*b, 5*z + 4*b = -b + 3375. What are the prime factors of z?
11, 61
Let n(u) = -14*u**3 - 3*u**2 - 22*u - 58. What are the prime factors of n(-6)?
2, 5, 13, 23
Let w = 1100 + -95. What are the prime factors of w?
3, 5, 67
Suppose 3*y = -668 + 6743. What are the prime factors of y?
3, 5
Let r(d) be the second derivative of d**5/120 - d**4/12 + 3*d**3/2 + 6*d. Let n(g) be the second derivative of r(g). What are the prime factors of n(5)?
3
Let h(m) = 16*m - 2. Let b(x) = 4*x - 1. Let q be b(1). Suppose 5*f - q*u = -5, -2*f = 2*f + u - 13. What are the prime factors of h(f)?
2, 3, 5
Let q be 9 - ((4 - -3) + -3). Suppose -76 + 306 = q*v. List the prime factors of v.
2, 23
Suppose -6*x = -4*x. Suppose x*w + 10 = 5*w. Suppose w*a + 8 = 4*b, 2*b + 2*a - 2 = 14. What are the prime factors of b?
2
Let p = 316 + 83. Suppose 168 = -11*u + p. What are the prime factors of u?
3, 7
Let p be (-1313)/(-117) + (-2)/9. Suppose -11 = -12*o + p*o. What are the prime factors of o?
11
Let u(m) = m**3 + 11*m**2 - 10*m - 14. Let p be u(-12). Let z = p + 83. Suppose -y + z = -0*y. What are the prime factors of y?
3, 5
Let m = 1704 - 596. List the prime factors of m.
2, 277
Let v = 160 - -105. List the prime factors of v.
5, 53
Let b = -66 + 150. Let y = b - 66. List the prime factors of y.
2, 3
Suppose 0 = -3*f + 17 + 31. Let g be f/(-40)*-5*1. Suppose 3*i + g*i = 85. List the prime factors of i.
17
Let h = 17 + -9. Let j(z) = 2*z**2 + 2*z + 0*z**2 - h - z**2. List the prime factors of j(-7).
3
Suppose 0 = 7*v - 5*v - 694. Let s = 581 - v. Suppose -39 = 5*y - s. List the prime factors of y.
3, 13
Suppose 3*o - 4*y = -52, 0*o + 20 = -o + 4*y. Let p(u) = u**2 + 8*u + 23. List the prime factors of p(o).
151
Let d be (((-752)/10)/4)/(2/(-10)). Let n = d - -19. List the prime factors of n.
113
Let v(y) = y**3 - 3*y**2 - 5*y + 24. List the prime factors of v(4).
2, 5
Suppose 4*w + 4*f - 1460 - 96 = 0, 3*f + 369 = w. What are the prime factors of w?
2, 3
Suppose x - 726 = -8*f + 6*f, 2*f = 2. What are the prime factors of x?
2, 181
Let t(p) = -2*p - 25. Let s be t(15). List the prime factors of (-1854)/(-33) - (-10)/s.
2, 7
Suppose 0 = -29*c + 32*c - 981. What are the prime factors of c?
3, 109
Suppose 0 = -4*v - j + 454, -2*v - 2*j = 3*j - 218. List the prime factors of v.
2, 3, 19
Let r(c) = c**3 + 6*c**2 - 6*c - 9. Suppose 5*b + 0*j = j - 28, -3*b - 5*j - 28 = 0. What are the prime factors of r(b)?
3
Let r = 1 + 1. Let b = 5 + 55. Suppose r*m - b = 46. List the prime factors of m.
53
Let j(q) = -10 - 6*q**2 - 2*q**2 + 2*q**2 + q**3 - 3*q. Let s be (-1*(11 - 4))/(-1). List the prime factors of j(s).
2, 3
Let r(q) = 804*q**2 - 1. List the prime factors of r(1).
11, 73
Suppose 246 = -10*r + 6. Let s be -2*(2 - 26/(-4)). Let n = s - r. List the prime factors of n.
7
Let z = 4516 - 2286. List the prime factors of z.
2, 5, 223
Let n = 25 - 58. Let t = n - -40. Suppose -t*i + 489 + 15 = 0. List the prime factors of i.
2, 3
Let b = -38 + 47. List the prime factors of -1 + 389/b - (-12)/(-54).
2, 3, 7
Let m = 91 + 95. Let j = m + -73. What are the prime factors of j?
113
Let a be ((-234)/8)/(9/(-36)). Suppose 0 = 2*f + u - 70 - a, 4*f + 4*u = 384. List the prime factors of f.
7, 13
Let a(t) = t**2 - t - 2. Let y be a(2). Suppose -2*k = -5*l - 29, l + 3 = -k - y*l. List the prime factors of (2/(-4))/(k/(-60)).
3, 5
Suppose -15*d = 15*d - 25260. List the prime factors of d.
2, 421
Let z be (-2 - 4)/(-2 - 0). Suppose -5*b = 4*l - 0*l - 43, -4*l + z*b = -83. Let r = 22 - l. List the prime factors of r.
5
Let r be 6*2/(-5)*(-25)/20. Suppose -5*m + 2*m - 5*c = 1, 4*m - c = -9. What are the prime factors of (-518)/(-21) + m/r?
2, 3
Let k(a) = 260*a - 195. List the prime factors of k(6).
3, 5, 7, 13
Let r(m) = 6*m + 21. Suppose 1 - 15 = -2*f. What are the prime factors of r(f)?
3, 7
Suppose 3*x - 7*x = 4*k - 20, 2*k + 3*x - 15 = 0. Suppose -5*n + 1033 - 108 = k. List the prime factors of n.
5, 37
Let m = 490 + -290. What are the prime factors of m?
2, 5
Let x = 374 + 61. What are the prime factors of x?
3, 5, 29
Let x(v) = -541*v + 13. List the prime factors of x(-3).
2, 409
Suppose 7*a - 10042 = -2279. List the